ne l(-8).
174
Let x(y) = -22557*y - 4533968. What is x(-201)?
-11
Let k(u) = -u**3 + 40*u**2 - 109*u + 8133. Calculate k(42).
27
Let k(f) = -f**3 - 201*f**2 + 152*f - 10142. Determine k(-202).
-42
Let n(v) = -412*v + 44147. Give n(107).
63
Let o(f) = 26*f**3 - 3901*f**2 + 152*f + 2. Calculate o(150).
302
Let t(k) = 2*k**2 + 2128*k + 31520. What is t(-15)?
50
Let c(o) = -19*o**3 - 1632*o**2 + 214*o + 213. Calculate c(-86).
-3399
Let z(w) = 12976*w + 259250. Give z(-20).
-270
Let h(a) = 2*a**3 - 44*a**2 + 52*a - 486. What is h(21)?
-276
Let l(o) = o**3 + 28*o**2 + 139*o + 493. Determine l(-22).
339
Let t(j) = -j**3 + 142*j**2 - 350*j + 9781. Calculate t(140).
-19
Let u(j) = -j**2 + 2567*j + 1949346. Calculate u(-613).
6
Let z(r) = 4*r**2 - 39941*r - 159794. Give z(-4).
34
Let u(k) = -6*k**3 + 48*k**2 - 49*k + 5. Calculate u(7).
-44
Let c(h) = 4*h**2 - 5685*h + 22671. Give c(4).
-5
Let f(x) = -36*x**2 - 228*x - 338. Determine f(-4).
-2
Let m(n) = n**3 - 7*n**2 - 39*n - 32. Determine m(0).
-32
Let s(z) = 38*z - 3695. What is s(97)?
-9
Let u(q) = -q**3 + 13*q**2 - 4025*q + 44191. What is u(11)?
158
Let j(c) = c**2 - 250*c + 14416. Give j(160).
16
Let y(j) = -55*j**2 + 9008*j + 1962. Determine y(164).
-6
Let f(w) = -16733*w + 401598. Calculate f(24).
6
Let r(t) = 6335*t - 50680. Give r(8).
0
Let g(r) = 25*r**2 - 364*r + 917. Determine g(11).
-62
Let p(u) = -61*u**2 + 7667*u + 48251. Give p(-6).
53
Let q(p) = 420*p**2 + 2226*p + 196. Determine q(-5).
-434
Let s(p) = 223*p**2 - 7329*p - 911. Give s(33).
79
Let n(d) = 2*d**2 - 276*d + 548. What is n(142)?
1684
Let q(k) = 1010*k + 71648. Determine q(-71).
-62
Let q(g) = 700*g - 3147. Determine q(5).
353
Let q(t) = t**3 - 218*t**2 + 1398*t + 557. What is q(7)?
4
Let d(c) = 2280*c + 25772. Determine d(-11).
692
Let l(x) = 1500*x + 2952. Give l(-2).
-48
Let o(m) = -239*m - 2700. Give o(-11).
-71
Let y(p) = 4134*p + 4776. What is y(0)?
4776
Let s(p) = 19815*p - 8877117. Calculate s(448).
3
Let o(w) = 10*w**3 - 63*w**2 + 442*w - 3. What is o(8)?
4621
Let h(d) = -14152*d + 537801. Determine h(38).
25
Let c(o) = o**2 + 135431*o + 541705. What is c(-4)?
-3
Let h(f) = 168943*f - 1013680. What is h(6)?
-22
Let u(s) = -s**3 - 3*s**2 + 57*s + 732. Determine u(10).
2
Let b(c) = 197*c**2 - 429*c - 10. Determine b(0).
-10
Let x(d) = -4*d**3 - 133*d**2 - 37*d + 187. Determine x(-33).
319
Let t(w) = -117*w - 7883. Calculate t(-68).
73
Let m(u) = -u**3 + 87*u**2 - 1390*u - 2611. Give m(65).
-11
Let r(y) = 11*y**2 - 1324*y + 510. Calculate r(120).
30
Let s(m) = -16*m**2 + 377*m - 2222. What is s(12)?
-2
Let h(t) = 1526*t + 22876. Calculate h(-15).
-14
Let o(m) = -4014*m + 8148. Calculate o(2).
120
Let r(u) = u**2 + 1874*u + 44404. Give r(-24).
4
Let u(z) = -321*z - 10. What is u(3)?
-973
Let b(k) = k**3 - 237*k**2 + 218*k + 4550. What is b(236)?
302
Let a(h) = 114*h**3 + 16*h**2 - 379*h + 366. What is a(1)?
117
Let i(o) = -494*o + 1406. Give i(3).
-76
Let f(w) = 26198*w + 1336100. What is f(-51)?
2
Let z(d) = -d**2 - 135*d + 8983. Calculate z(-184).
-33
Let r(c) = 266881*c + 2135042. What is r(-8)?
-6
Let u(y) = 18669*y - 18682. Calculate u(1).
-13
Let n(b) = -3*b**3 + 65*b**2 + 14*b + 184. Give n(22).
8
Let w(n) = -8*n**3 - 3873*n**2 - 459*n + 12088. Calculate w(-484).
-12
Let u(w) = -159260*w + 3344460. Give u(21).
0
Let r(q) = -q**3 - 48*q**2 + 324*q + 89. What is r(-54)?
89
Let i(p) = 9671*p + 5821975. Determine i(-602).
33
Let v(l) = -224066*l - 4033190. What is v(-18)?
-2
Let j(u) = u**2 - 246*u + 8181. Calculate j(44).
-707
Let l(p) = p**2 - 64*p + 511. What is l(48)?
-257
Let b(f) = 29*f**2 + 434*f + 1014. Determine b(-12).
-18
Let o(r) = -11*r**3 + 208*r**2 - 2*r + 201. Determine o(19).
-198
Let d(v) = v**2 + 30225*v + 362557. What is d(-12)?
1
Let d(s) = 90*s - 5455. What is d(33)?
-2485
Let r(a) = 107648*a + 1614730. Determine r(-15).
10
Let z(h) = 8504*h + 3205998. Give z(-377).
-10
Let i(l) = -4043*l + 3080830. Give i(762).
64
Let i(v) = -v**2 + 12358*v - 86556. What is i(7)?
-99
Let z(f) = f**2 - 6695*f - 1315210. What is z(-191)?
16
Let z(d) = -d**2 - 88*d + 26219. Calculate z(124).
-69
Let z(o) = o**2 - 2030*o - 34667. What is z(-17)?
132
Let b(a) = -15*a**2 + 104*a + 1499. Determine b(-15).
-3436
Let s(v) = 104*v**3 - 6595*v**2 - 3904*v + 3. Calculate s(64).
3
Let b(z) = -20*z**3 - 163*z**2 - 12*z + 2. Determine b(-9).
1487
Let j(a) = -1869*a + 510224. Calculate j(273).
-13
Let b(q) = q**2 + 8246*q + 246496. Give b(-30).
16
Let h(m) = -58*m**2 + 4609*m + 7310. What is h(81)?
101
Let k(x) = -3*x**2 + 98*x + 22. Give k(42).
-1154
Let g(o) = -182*o**2 - 5871*o + 23474. Calculate g(4).
-2922
Let d(t) = 3*t**2 + 852*t + 25500. Give d(-250).
0
Let t(o) = 5065*o + 653393. Calculate t(-129).
8
Let x(h) = -h**3 + 377*h**2 - 3682*h + 73. What is x(10)?
-47
Let l(h) = -128902*h + 2320198. What is l(18)?
-38
Let o(c) = -3*c**2 + 191*c + 6075. Calculate o(87).
-15
Let n(h) = 9*h**3 + 2*h**2 - 1841*h + 31. Determine n(0).
31
Let c(r) = r**2 + 1494*r + 316928. What is c(-256)?
0
Let x(c) = -c**3 - 18*c**2 - 5750*c - 103242. Determine x(-18).
258
Let c(p) = -68*p**2 + 1353*p + 151. What is c(20)?
11
Let x(b) = -136304*b + 8042023. What is x(59)?
87
Let j(h) = 1839*h + 31067. Determine j(-17).
-196
Let j(p) = 1827*p**2 + 14605*p + 42. Determine j(-8).
130
Let d(f) = -f**3 - 135*f**2 - 4213*f - 89. Give d(-86).
-175
Let n(p) = 27*p**2 + 22688*p - 15964. Determine n(-841).
15
Let v(x) = -x**3 - 2*x**2 + 243*x + 1603. Determine v(-8).
43
Let q(k) = 70987*k + 2555535. Determine q(-36).
3
Let o(l) = 284*l + 12771. What is o(-53)?
-2281
Let h(m) = 20*m**2 - 94*m + 172. Determine h(10).
1232
Let a(g) = -9*g**2 + 272*g - 51. Determine a(5).
1084
Let n(t) = -4*t**2 + 37034*t - 259191. Give n(7).
-149
Let q(z) = 13*z**2 - 4371*z - 54319. Give q(-12).
5
Let p(b) = b**3 + 1276*b**2 - 39178*b - 104. What is p(30)?
-44
Let y(i) = 815*i**3 + 5709*i**2 + 53*i + 176. Give y(-7).
1
Let s(a) = -7982*a - 151159. Calculate s(-19).
499
Let v(d) = 2129*d + 1196493. Calculate v(-562).
-5
Let t(h) = -h**3 + 33*h**2 - 14*h + 355. Determine t(33).
-107
Let k(u) = -46*u + 3825. Calculate k(85).
-85
Let p(u) = 2*u**2 + 578*u + 32811. Calculate p(-211).
-105
Let f(j) = -j**2 + 5979*j - 83461. Give f(14).
49
Let b(s) = -3650*s - 4. Determine b(0).
-4
Let r(l) = 1670*l + 1057106. What is r(-633)?
-4
Let x(s) = -1501*s - 55542. Calculate x(-37).
-5
Let b(m) = m**2 - 103*m + 2692. Give b(65).
222
Let n(p) = 943209*p + 2829621. What is n(-3)?
-6
Let t(z) = 32010*z - 128048. Give t(4).
-8
Let k(u) = 3*u**3 - 48*u**2 + 26*u + 383. Determine k(0).
383
Let d(y) = y**3 + 66*y**2 - 389*y - 7652. Give d(-70).
-22
Let j(z) = -3*z**3 - 48*z**2 - 51*z - 25. Determine j(-15).
65
Let v(z) = -2032*z - 286487. Give v(-141).
25
Let f(z) = z**3 - 664*z**2 + 20232*z - 253. Give f(32).
3
Let c(l) = -6*l**2 - 2858*l - 14. What is c(0)?
-14
Let q(y) = -34*y**2 + 957*y - 134. What is q(28)?
6
Let w(s) = 119914*s + 839392. What is w(-7)?
-6
Let y(u) = 73*u**3 + 268*u**2 + 21*u + 41. Give y(-4).
-427
Let i(w) = 235*w + 1629. Give i(-7).
-16
Let q(j) = -j**3 + 9*j**2 - 44*j + 204. Determine q(7).
-6
Let b(g) = g**3 + 702*g**2 - 516*g + 131467. What is b(-703)?
6
Let g(m) = 20*m**2 + 1055*m + 10746. What is g(-39)?
21
Let k(y) = 5*y**2 + 194*y + 1712. Give k(-15).
-73
Let m(i) = 9*i**3 + 100*i**2 + 104*i + 11. What is m(-11)?
-1012
Let c(x) = -3*x**2 - 1228*x + 391843. What is c(-620)?
3
Let z(i) = -2*i**2 + 2009*i + 24449. Give z(-12).
53
Let t(f) = -1093*f + 18520. Determine t(17).
-61
Let t(g) = g**3 - 8*g**2 + 132*g - 953. Give t(8).
103
Let p(x) = -617*x - 23252. Determine p(-37).
-423
Let z(x) = -3*x**2 - 564*x + 2276. What is z(-191)?
557
Let v(o) = -o**3 + 12*o**2 + 401*o - 4249. Calculate v(9).
-397
Let g(v) = -22*v**3 - 31*v**2 - 23*v - 127. Determine g(-5).
1963
Let u(q) = -5*q**2 - 996*q + 42131. What is u(-235)?
66
Let c(o) = -o**2 + 245487*o - 1718346. Calculate c(7).
14
Let c(s) = -s**2 + 2962*s + 1566357. Calculate c(-458).
-3
Let w(x) = x**2 - 654*x + 13907. Determine w(632).
3
Let a(i) = 593*i**2 + 580559*i + 11754. What is a(-979)?
6
Let z(m) = -m**3 - 11*m**2 - 113*m - 448. What is z(-5)?
-33
Let m(q) = 129*q**2 + 1945*q + 3472. Calculate m(-13).
-12
Let o